{"id":24,"date":"2024-11-05T18:55:00","date_gmt":"2024-11-05T21:55:00","guid":{"rendered":"https:\/\/opusti.com.br\/?page_id=24"},"modified":"2025-11-18T19:22:21","modified_gmt":"2025-11-18T22:22:21","slug":"localizacao","status":"publish","type":"page","link":"https:\/\/opusti.com.br\/index.php\/localizacao\/","title":{"rendered":"Localiza\u00e7\u00e3o"},"content":{"rendered":"\n<div class=\"wp-block-columns is-layout-flex wp-container-core-columns-is-layout-9d6595d7 wp-block-columns-is-layout-flex\">\n<div class=\"wp-block-column is-vertically-aligned-center is-layout-flow wp-block-column-is-layout-flow\" style=\"flex-basis:33.33%\">\n<p><strong>Endere\u00e7o<\/strong><\/p>\n\n\n\n<p>Rua Engenheiro S\u00e1 Rocha, 295, S\u00e3o Paulo \u2013 SP &#8211; CEP 05454-020<\/p>\n\n\n\n<p>Entre em contato conosco:<\/p>\n\n\n\n<p>contato@opusti.com.br<\/p>\n<\/div>\n\n\n\n<div class=\"wp-block-column is-layout-flow wp-block-column-is-layout-flow\" style=\"flex-basis:66.66%\">\n<iframe src=\"https:\/\/www.google.com\/maps\/embed?pb=!1m18!1m12!1m3!1d3657.6876637284745!2d-46.7114883418168!3d-23.543733668264167!2m3!1f0!2f0!3f0!3m2!1i1024!2i768!4f13.1!3m3!1m2!1s0x94ce562d2427e9d3%3A0xed3d946fc84f567c!2sR.%20Eng.%20S%C3%A1%20Rocha%2C%20295%20-%20Vila%20Ida%2C%20S%C3%A3o%20Paulo%20-%20SP%2C%2005454-020!5e0!3m2!1spt-BR!2sbr!4v1730916358250!5m2!1spt-BR!2sbr\" width=\"600\" height=\"450\" style=\"border:0;\" allowfullscreen=\"\" loading=\"lazy\" referrerpolicy=\"no-referrer-when-downgrade\"><\/iframe>\n<\/div>\n<\/div>\n\n\n\n<p><\/p>\n","protected":false},"excerpt":{"rendered":"<p>Endere\u00e7o Rua Engenheiro S\u00e1 Rocha, 295, S\u00e3o Paulo \u2013 SP &#8211; CEP 05454-020 Entre em contato conosco: contato@opusti.com.br<\/p>\n","protected":false},"author":1,"featured_media":0,"parent":0,"menu_order":0,"comment_status":"closed","ping_status":"closed","template":"","meta":{"footnotes":""},"class_list":["post-24","page","type-page","status-publish","hentry"],"_links":{"self":[{"href":"https:\/\/opusti.com.br\/index.php\/wp-json\/wp\/v2\/pages\/24","targetHints":{"allow":["GET"]}}],"collection":[{"href":"https:\/\/opusti.com.br\/index.php\/wp-json\/wp\/v2\/pages"}],"about":[{"href":"https:\/\/opusti.com.br\/index.php\/wp-json\/wp\/v2\/types\/page"}],"author":[{"embeddable":true,"href":"https:\/\/opusti.com.br\/index.php\/wp-json\/wp\/v2\/users\/1"}],"replies":[{"embeddable":true,"href":"https:\/\/opusti.com.br\/index.php\/wp-json\/wp\/v2\/comments?post=24"}],"version-history":[{"count":9,"href":"https:\/\/opusti.com.br\/index.php\/wp-json\/wp\/v2\/pages\/24\/revisions"}],"predecessor-version":[{"id":283,"href":"https:\/\/opusti.com.br\/index.php\/wp-json\/wp\/v2\/pages\/24\/revisions\/283"}],"wp:attachment":[{"href":"https:\/\/opusti.com.br\/index.php\/wp-json\/wp\/v2\/media?parent=24"}],"curies":[{"name":"wp","href":"https:\/\/api.w.org\/{rel}","templated":true}]}}